{"id":11235,"date":"2025-02-20T11:08:47","date_gmt":"2025-02-20T11:08:47","guid":{"rendered":"https:\/\/www.yhteinenkemijarvi.fi\/?page_id=11235"},"modified":"2025-03-16T14:04:48","modified_gmt":"2025-03-16T14:04:48","slug":"veikko-niemela-2","status":"publish","type":"page","link":"https:\/\/www.yhteinenkemijarvi.fi\/index.php\/veikko-niemela-2\/","title":{"rendered":"Veikko Niemel\u00e4 kuntavaaliehdokas Yhteinen Kemij\u00e4rvi"},"content":{"rendered":"<p>[et_pb_section fb_built=&#8221;1&#8243; admin_label=&#8221;Header&#8221; _builder_version=&#8221;4.22.1&#8243; _module_preset=&#8221;default&#8221; custom_padding=&#8221;||0px|||&#8221; collapsed=&#8221;on&#8221; global_colors_info=&#8221;{}&#8221;][et_pb_row column_structure=&#8221;1_2,1_2&#8243; _builder_version=&#8221;4.27.4&#8243; _module_preset=&#8221;default&#8221; global_colors_info=&#8221;{}&#8221;][et_pb_column type=&#8221;1_2&#8243; _builder_version=&#8221;4.27.4&#8243; _module_preset=&#8221;default&#8221; global_colors_info=&#8221;{}&#8221;][et_pb_text _builder_version=&#8221;4.22.1&#8243; _module_preset=&#8221;6ce41ec6-37f4-4c51-a571-37a41c482d76&#8243; custom_margin=&#8221;||10px||false|false&#8221; global_colors_info=&#8221;{}&#8221;]<\/p>\n<h1>Veikko Niemel\u00e4<\/h1>\n<p>[\/et_pb_text][et_pb_text _builder_version=&#8221;4.27.4&#8243; _module_preset=&#8221;d19a7493-fc91-49bb-bdaf-b36f61baa925&#8243; custom_margin=&#8221;||-16px|||&#8221; global_colors_info=&#8221;{}&#8221;]<\/p>\n<p><strong>Hirsimestari el\u00e4kel\u00e4inen<\/strong><\/p>\n<p><span style=\"font-weight: 400;\">Olen Veikko Niemel\u00e4, 76-vuotias yritt\u00e4j\u00e4taustainen el\u00e4kel\u00e4inen. Olen kuntavaaliehdokas Yhteinen Kemij\u00e4rvi -ryhm\u00e4ss\u00e4. Perheeseeni kuuluu vaimo Arja ja nelj\u00e4 lastamme, sek\u00e4 viisi lastenlastamme ja kaksi lasten lasten lasta.<\/span><span style=\"font-weight: 400;\"><\/span><\/p>\n<p><span style=\"font-weight: 400;\"><\/span><\/p>\n<p><span style=\"font-weight: 400;\">Minulla on laajasti kokemusta erilaisista luottamusteht\u00e4viss\u00e4 l\u00e4hes 40 vuoden ajalta.\u00a0\u00a0 Olen ollut 6 kautta valtuuston j\u00e4senen\u00e4 ja 5 vuotta valtuuston puheenjohtajana, ja sen lis\u00e4ksi olen ollut eri lautakuntien ja yhti\u00f6iden hallitusten puheenjohtajana.<\/span><\/p>\n<p><span style=\"font-weight: 400;\">Yhteisten asioiden hoitamisen lis\u00e4ksi harrastuksiini kuuluu mets\u00e4stys ja kalastus, sek\u00e4 musiikki ja taidemaalaus. My\u00f6s historia on mielenkiintoni kohteena.\u00a0\u00a0 <br \/><\/span><\/p>\n<p>Luonto kokonaisuudessaan on minulle t\u00e4rke\u00e4. Tavoitteenani on Kemij\u00e4rven ja sit\u00e4 ymp\u00e4r\u00f6iv\u00e4n luonnon s\u00e4ilytt\u00e4minen mahdollisimman ehyen\u00e4 tuleville sukupolville. Lis\u00e4ksi uskon, ett\u00e4 matkailun kehitt\u00e4minen Kemij\u00e4rvell\u00e4 aivan uusiin mittasuhteisiin, tuo alueellemme elinvoimaa ja uudenlaisia mahdollisuuksia.<\/p>\n<p>&nbsp;<\/p>\n<p><span style=\"font-weight: 400;\">\u00a0<\/span><\/p>\n<p>&nbsp;<\/p>\n<p>&nbsp;<\/p>\n<p>[\/et_pb_text][\/et_pb_column][et_pb_column type=&#8221;1_2&#8243; _builder_version=&#8221;4.22.1&#8243; _module_preset=&#8221;default&#8221; global_colors_info=&#8221;{}&#8221;][et_pb_image src=&#8221;https:\/\/www.yhteinenkemijarvi.fi\/wp-content\/uploads\/2025\/02\/kuva.jpg&#8221; alt=&#8221;Veikko Niemel\u00e4, Yhteinen Kemij\u00e4rvi&#8221; title_text=&#8221;Veikko Niemel\u00e4, kuntavaaliehdokas, Yhteinen Kemij\u00e4rvi&#8221; _builder_version=&#8221;4.27.4&#8243; _module_preset=&#8221;default&#8221; custom_margin=&#8221;|-10vw|||false|false&#8221; custom_margin_tablet=&#8221;|0vw|||false|false&#8221; custom_margin_phone=&#8221;|0vw|||false|false&#8221; custom_margin_last_edited=&#8221;on|tablet&#8221; global_colors_info=&#8221;{}&#8221;][\/et_pb_image][\/et_pb_column][\/et_pb_row][\/et_pb_section][et_pb_section fb_built=&#8221;1&#8243; custom_padding_last_edited=&#8221;off|tablet&#8221; admin_label=&#8221;Call to Action&#8221; _builder_version=&#8221;4.22.1&#8243; _module_preset=&#8221;default&#8221; custom_padding_tablet=&#8221;||||false|false&#8221; locked=&#8221;off&#8221; collapsed=&#8221;on&#8221; global_colors_info=&#8221;{}&#8221;][et_pb_row column_structure=&#8221;3_4,1_4&#8243; custom_padding_last_edited=&#8221;on|tablet&#8221; _builder_version=&#8221;4.22.1&#8243; _module_preset=&#8221;default&#8221; max_width=&#8221;1280px&#8221; custom_padding_tablet=&#8221;||0px||false|false&#8221; custom_padding_phone=&#8221;||0px||false|false&#8221; global_colors_info=&#8221;{}&#8221;][et_pb_column type=&#8221;3_4&#8243; _builder_version=&#8221;4.22.1&#8243; _module_preset=&#8221;default&#8221; global_colors_info=&#8221;{}&#8221;][et_pb_image src=&#8221;https:\/\/www.yhteinenkemijarvi.fi\/wp-content\/uploads\/2025\/02\/pilvikaari.jpg&#8221; alt=&#8221;Pilvikaari, Yhteinen Kemij\u00e4rvi&#8221; title_text=&#8221;Suojeluskaari, Yhteinen Kemij\u00e4rvi&#8221; _builder_version=&#8221;4.27.4&#8243; _module_preset=&#8221;default&#8221; custom_margin=&#8221;||-30%||false|false&#8221; custom_margin_tablet=&#8221;||0%||false|false&#8221; custom_margin_phone=&#8221;||0%||false|false&#8221; custom_margin_last_edited=&#8221;on|desktop&#8221; scroll_horizontal_motion_enable=&#8221;on&#8221; scroll_horizontal_motion=&#8221;0|50|50|100|0.5|0|-0.5&#8243; locked=&#8221;off&#8221; global_colors_info=&#8221;{}&#8221;][\/et_pb_image][\/et_pb_column][et_pb_column type=&#8221;1_4&#8243; _builder_version=&#8221;4.22.1&#8243; _module_preset=&#8221;default&#8221; global_colors_info=&#8221;{}&#8221;][\/et_pb_column][\/et_pb_row][et_pb_row column_structure=&#8221;2_5,3_5&#8243; custom_padding_last_edited=&#8221;on|desktop&#8221; _builder_version=&#8221;4.27.4&#8243; _module_preset=&#8221;default&#8221; max_width=&#8221;840px&#8221; custom_padding_tablet=&#8221;0px||||false|false&#8221; custom_padding_phone=&#8221;0px||||false|false&#8221; global_colors_info=&#8221;{}&#8221;][et_pb_column type=&#8221;2_5&#8243; _builder_version=&#8221;4.27.4&#8243; _module_preset=&#8221;default&#8221; global_colors_info=&#8221;{}&#8221;][\/et_pb_column][et_pb_column type=&#8221;3_5&#8243; _builder_version=&#8221;4.27.4&#8243; _module_preset=&#8221;default&#8221; background_color=&#8221;#bb8a55&#8243; custom_padding=&#8221;40px|40px|40px|40px|true|true&#8221; custom_padding_tablet=&#8221;30px|30px|30px|30px|true|true&#8221; custom_padding_phone=&#8221;20px|20px|20px|20px|true|true&#8221; custom_padding_last_edited=&#8221;on|desktop&#8221; global_colors_info=&#8221;{%22gcid-fb7185f0-febc-426c-87a9-b6e9798849ab%22:%91%22background_color%22%93}&#8221;][et_pb_text _builder_version=&#8221;4.22.1&#8243; _module_preset=&#8221;ce7acb92-2b76-4539-8b99-d18c4ab9db6e&#8221; header_2_text_color=&#8221;#FFFFFF&#8221; custom_margin=&#8221;||10px||false|false&#8221; global_colors_info=&#8221;{}&#8221;]<\/p>\n<h2>ota yhteytt\u00e4<\/h2>\n<p>[\/et_pb_text][et_pb_text _builder_version=&#8221;4.27.4&#8243; _module_preset=&#8221;d19a7493-fc91-49bb-bdaf-b36f61baa925&#8243; text_text_color=&#8221;#FFFFFF&#8221; global_colors_info=&#8221;{}&#8221;]<\/p>\n<p>veikko.niemela@saunalahti.fi<br \/>\nPuh. 0400 156 583<\/p>\n<p>[\/et_pb_text][et_pb_social_media_follow _builder_version=&#8221;4.27.4&#8243; _module_preset=&#8221;default&#8221; hover_enabled=&#8221;0&#8243; global_colors_info=&#8221;{}&#8221; sticky_enabled=&#8221;0&#8243;][et_pb_social_media_follow_network social_network=&#8221;facebook&#8221; url=&#8221;https:\/\/www.facebook.com\/veikko.niemela.5?mibextid=wwXIfr&#8221; _builder_version=&#8221;4.27.4&#8243; _module_preset=&#8221;default&#8221; background_color=&#8221;#3b5998&#8243; hover_enabled=&#8221;0&#8243; global_colors_info=&#8221;{}&#8221; follow_button=&#8221;off&#8221; url_new_window=&#8221;on&#8221; sticky_enabled=&#8221;0&#8243;]facebook[\/et_pb_social_media_follow_network][\/et_pb_social_media_follow][\/et_pb_column][\/et_pb_row][\/et_pb_section]<\/p>\n","protected":false},"excerpt":{"rendered":"<p>Veikko Niemel\u00e4Hirsimestari el\u00e4kel\u00e4inen Olen Veikko Niemel\u00e4, 76-vuotias yritt\u00e4j\u00e4taustainen el\u00e4kel\u00e4inen. Olen kuntavaaliehdokas Yhteinen Kemij\u00e4rvi -ryhm\u00e4ss\u00e4. Perheeseeni kuuluu vaimo Arja ja nelj\u00e4 lastamme, sek\u00e4 viisi lastenlastamme ja kaksi lasten lasten lasta. Minulla on laajasti kokemusta erilaisista luottamusteht\u00e4viss\u00e4 l\u00e4hes 40 vuoden ajalta.\u00a0\u00a0 Olen ollut 6 kautta valtuuston j\u00e4senen\u00e4 ja 5 vuotta valtuuston puheenjohtajana, ja sen lis\u00e4ksi olen ollut [&hellip;]<\/p>\n","protected":false},"author":1,"featured_media":0,"parent":0,"menu_order":0,"comment_status":"closed","ping_status":"closed","template":"","meta":{"_et_pb_use_builder":"on","_et_pb_old_content":"","_et_gb_content_width":"","footnotes":""},"class_list":["post-11235","page","type-page","status-publish","hentry"],"aioseo_notices":[],"yoast_head":"<!-- This site is optimized with the Yoast SEO plugin v27.4 - https:\/\/yoast.com\/product\/yoast-seo-wordpress\/ -->\n<title>Veikko Niemel\u00e4 kuntavaaliehdokas Yhteinen Kemij\u00e4rvi - Yhteinen Kemij&auml;rvi<\/title>\n<meta name=\"description\" content=\"Veikko Niemel\u00e4 on kemij\u00e4rvel\u00e4inen kuntavaaliehdokas, kuntapolitiikan konkari, luonnonyst\u00e4v\u00e4, ei pumppuvoimaloita Kemij\u00e4rvelle\" \/>\n<meta name=\"robots\" content=\"index, follow, max-snippet:-1, max-image-preview:large, max-video-preview:-1\" \/>\n<link rel=\"canonical\" href=\"https:\/\/www.yhteinenkemijarvi.fi\/index.php\/veikko-niemela-2\/\" \/>\n<meta property=\"og:locale\" content=\"fi_FI\" \/>\n<meta property=\"og:type\" content=\"article\" \/>\n<meta property=\"og:title\" content=\"Veikko Niemel\u00e4 kuntavaaliehdokas Yhteinen Kemij\u00e4rvi - Yhteinen Kemij&auml;rvi\" \/>\n<meta property=\"og:description\" content=\"Veikko Niemel\u00e4 on kemij\u00e4rvel\u00e4inen kuntavaaliehdokas, kuntapolitiikan konkari, luonnonyst\u00e4v\u00e4, ei pumppuvoimaloita Kemij\u00e4rvelle\" \/>\n<meta property=\"og:url\" content=\"https:\/\/www.yhteinenkemijarvi.fi\/index.php\/veikko-niemela-2\/\" \/>\n<meta property=\"og:site_name\" content=\"Yhteinen Kemij&auml;rvi\" \/>\n<meta property=\"article:modified_time\" content=\"2025-03-16T14:04:48+00:00\" \/>\n<meta name=\"twitter:card\" content=\"summary_large_image\" \/>\n<meta name=\"twitter:label1\" content=\"Arvioitu lukuaika\" \/>\n\t<meta name=\"twitter:data1\" content=\"2 minuuttia\" \/>\n<script type=\"application\/ld+json\" class=\"yoast-schema-graph\">{\"@context\":\"https:\\\/\\\/schema.org\",\"@graph\":[{\"@type\":\"WebPage\",\"@id\":\"https:\\\/\\\/www.yhteinenkemijarvi.fi\\\/index.php\\\/veikko-niemela-2\\\/\",\"url\":\"https:\\\/\\\/www.yhteinenkemijarvi.fi\\\/index.php\\\/veikko-niemela-2\\\/\",\"name\":\"Veikko Niemel\u00e4 kuntavaaliehdokas Yhteinen Kemij\u00e4rvi - Yhteinen Kemij&auml;rvi\",\"isPartOf\":{\"@id\":\"https:\\\/\\\/www.yhteinenkemijarvi.fi\\\/#website\"},\"datePublished\":\"2025-02-20T11:08:47+00:00\",\"dateModified\":\"2025-03-16T14:04:48+00:00\",\"description\":\"Veikko Niemel\u00e4 on kemij\u00e4rvel\u00e4inen kuntavaaliehdokas, kuntapolitiikan konkari, luonnonyst\u00e4v\u00e4, ei pumppuvoimaloita Kemij\u00e4rvelle\",\"breadcrumb\":{\"@id\":\"https:\\\/\\\/www.yhteinenkemijarvi.fi\\\/index.php\\\/veikko-niemela-2\\\/#breadcrumb\"},\"inLanguage\":\"fi\",\"potentialAction\":[{\"@type\":\"ReadAction\",\"target\":[\"https:\\\/\\\/www.yhteinenkemijarvi.fi\\\/index.php\\\/veikko-niemela-2\\\/\"]}]},{\"@type\":\"BreadcrumbList\",\"@id\":\"https:\\\/\\\/www.yhteinenkemijarvi.fi\\\/index.php\\\/veikko-niemela-2\\\/#breadcrumb\",\"itemListElement\":[{\"@type\":\"ListItem\",\"position\":1,\"name\":\"Etusivu\",\"item\":\"https:\\\/\\\/www.yhteinenkemijarvi.fi\\\/\"},{\"@type\":\"ListItem\",\"position\":2,\"name\":\"Veikko Niemel\u00e4 kuntavaaliehdokas Yhteinen Kemij\u00e4rvi\"}]},{\"@type\":\"WebSite\",\"@id\":\"https:\\\/\\\/www.yhteinenkemijarvi.fi\\\/#website\",\"url\":\"https:\\\/\\\/www.yhteinenkemijarvi.fi\\\/\",\"name\":\"Yhteinen Kemij&auml;rvi\",\"description\":\"Kemij&auml;rvel&auml;inen sitoutumaton valtuustoehdokas ryhm&auml;\",\"potentialAction\":[{\"@type\":\"SearchAction\",\"target\":{\"@type\":\"EntryPoint\",\"urlTemplate\":\"https:\\\/\\\/www.yhteinenkemijarvi.fi\\\/?s={search_term_string}\"},\"query-input\":{\"@type\":\"PropertyValueSpecification\",\"valueRequired\":true,\"valueName\":\"search_term_string\"}}],\"inLanguage\":\"fi\"}]}<\/script>\n<!-- \/ Yoast SEO plugin. -->","yoast_head_json":{"title":"Veikko Niemel\u00e4 kuntavaaliehdokas Yhteinen Kemij\u00e4rvi - Yhteinen Kemij&auml;rvi","description":"Veikko Niemel\u00e4 on kemij\u00e4rvel\u00e4inen kuntavaaliehdokas, kuntapolitiikan konkari, luonnonyst\u00e4v\u00e4, ei pumppuvoimaloita Kemij\u00e4rvelle","robots":{"index":"index","follow":"follow","max-snippet":"max-snippet:-1","max-image-preview":"max-image-preview:large","max-video-preview":"max-video-preview:-1"},"canonical":"https:\/\/www.yhteinenkemijarvi.fi\/index.php\/veikko-niemela-2\/","og_locale":"fi_FI","og_type":"article","og_title":"Veikko Niemel\u00e4 kuntavaaliehdokas Yhteinen Kemij\u00e4rvi - Yhteinen Kemij&auml;rvi","og_description":"Veikko Niemel\u00e4 on kemij\u00e4rvel\u00e4inen kuntavaaliehdokas, kuntapolitiikan konkari, luonnonyst\u00e4v\u00e4, ei pumppuvoimaloita Kemij\u00e4rvelle","og_url":"https:\/\/www.yhteinenkemijarvi.fi\/index.php\/veikko-niemela-2\/","og_site_name":"Yhteinen Kemij&auml;rvi","article_modified_time":"2025-03-16T14:04:48+00:00","twitter_card":"summary_large_image","twitter_misc":{"Arvioitu lukuaika":"2 minuuttia"},"schema":{"@context":"https:\/\/schema.org","@graph":[{"@type":"WebPage","@id":"https:\/\/www.yhteinenkemijarvi.fi\/index.php\/veikko-niemela-2\/","url":"https:\/\/www.yhteinenkemijarvi.fi\/index.php\/veikko-niemela-2\/","name":"Veikko Niemel\u00e4 kuntavaaliehdokas Yhteinen Kemij\u00e4rvi - Yhteinen Kemij&auml;rvi","isPartOf":{"@id":"https:\/\/www.yhteinenkemijarvi.fi\/#website"},"datePublished":"2025-02-20T11:08:47+00:00","dateModified":"2025-03-16T14:04:48+00:00","description":"Veikko Niemel\u00e4 on kemij\u00e4rvel\u00e4inen kuntavaaliehdokas, kuntapolitiikan konkari, luonnonyst\u00e4v\u00e4, ei pumppuvoimaloita Kemij\u00e4rvelle","breadcrumb":{"@id":"https:\/\/www.yhteinenkemijarvi.fi\/index.php\/veikko-niemela-2\/#breadcrumb"},"inLanguage":"fi","potentialAction":[{"@type":"ReadAction","target":["https:\/\/www.yhteinenkemijarvi.fi\/index.php\/veikko-niemela-2\/"]}]},{"@type":"BreadcrumbList","@id":"https:\/\/www.yhteinenkemijarvi.fi\/index.php\/veikko-niemela-2\/#breadcrumb","itemListElement":[{"@type":"ListItem","position":1,"name":"Etusivu","item":"https:\/\/www.yhteinenkemijarvi.fi\/"},{"@type":"ListItem","position":2,"name":"Veikko Niemel\u00e4 kuntavaaliehdokas Yhteinen Kemij\u00e4rvi"}]},{"@type":"WebSite","@id":"https:\/\/www.yhteinenkemijarvi.fi\/#website","url":"https:\/\/www.yhteinenkemijarvi.fi\/","name":"Yhteinen Kemij&auml;rvi","description":"Kemij&auml;rvel&auml;inen sitoutumaton valtuustoehdokas ryhm&auml;","potentialAction":[{"@type":"SearchAction","target":{"@type":"EntryPoint","urlTemplate":"https:\/\/www.yhteinenkemijarvi.fi\/?s={search_term_string}"},"query-input":{"@type":"PropertyValueSpecification","valueRequired":true,"valueName":"search_term_string"}}],"inLanguage":"fi"}]}},"_links":{"self":[{"href":"https:\/\/www.yhteinenkemijarvi.fi\/index.php\/wp-json\/wp\/v2\/pages\/11235","targetHints":{"allow":["GET"]}}],"collection":[{"href":"https:\/\/www.yhteinenkemijarvi.fi\/index.php\/wp-json\/wp\/v2\/pages"}],"about":[{"href":"https:\/\/www.yhteinenkemijarvi.fi\/index.php\/wp-json\/wp\/v2\/types\/page"}],"author":[{"embeddable":true,"href":"https:\/\/www.yhteinenkemijarvi.fi\/index.php\/wp-json\/wp\/v2\/users\/1"}],"replies":[{"embeddable":true,"href":"https:\/\/www.yhteinenkemijarvi.fi\/index.php\/wp-json\/wp\/v2\/comments?post=11235"}],"version-history":[{"count":13,"href":"https:\/\/www.yhteinenkemijarvi.fi\/index.php\/wp-json\/wp\/v2\/pages\/11235\/revisions"}],"predecessor-version":[{"id":11717,"href":"https:\/\/www.yhteinenkemijarvi.fi\/index.php\/wp-json\/wp\/v2\/pages\/11235\/revisions\/11717"}],"wp:attachment":[{"href":"https:\/\/www.yhteinenkemijarvi.fi\/index.php\/wp-json\/wp\/v2\/media?parent=11235"}],"curies":[{"name":"wp","href":"https:\/\/api.w.org\/{rel}","templated":true}]}}